{"id":18,"date":"2025-11-05T10:24:07","date_gmt":"2025-11-05T09:24:07","guid":{"rendered":"https:\/\/alexianeaudemars.com\/?page_id=18"},"modified":"2026-01-21T20:41:13","modified_gmt":"2026-01-21T19:41:13","slug":"services","status":"publish","type":"page","link":"https:\/\/alexianeaudemars.com\/index.php\/services\/","title":{"rendered":"Services"},"content":{"rendered":"\n<div class=\"wp-block-cover alignfull\" style=\"margin-top:0;margin-bottom:0;padding-top:0px;padding-bottom:80px;min-height:300px;aspect-ratio:unset;\"><img loading=\"lazy\" decoding=\"async\" width=\"1024\" height=\"682\" class=\"wp-block-cover__image-background wp-image-74 size-large\" alt=\"\" src=\"https:\/\/alexianeaudemars.com\/wp-content\/uploads\/2025\/11\/pexels-mccutcheon-1449934-2-1024x682.jpg\" data-object-fit=\"cover\" srcset=\"https:\/\/alexianeaudemars.com\/wp-content\/uploads\/2025\/11\/pexels-mccutcheon-1449934-2-1024x682.jpg 1024w, https:\/\/alexianeaudemars.com\/wp-content\/uploads\/2025\/11\/pexels-mccutcheon-1449934-2-300x200.jpg 300w, https:\/\/alexianeaudemars.com\/wp-content\/uploads\/2025\/11\/pexels-mccutcheon-1449934-2-768x512.jpg 768w, https:\/\/alexianeaudemars.com\/wp-content\/uploads\/2025\/11\/pexels-mccutcheon-1449934-2.jpg 1280w\" sizes=\"auto, (max-width: 1024px) 100vw, 1024px\" \/><span aria-hidden=\"true\" class=\"wp-block-cover__background has-black-background-color has-background-dim-30 has-background-dim\"><\/span><div class=\"wp-block-cover__inner-container has-global-padding is-layout-constrained wp-container-core-cover-is-layout-d4c6b484 wp-block-cover-is-layout-constrained\">\n<div style=\"height:150px\" aria-hidden=\"true\" class=\"wp-block-spacer\"><\/div>\n\n\n\n<h1 class=\"wp-block-heading has-text-align-center has-text-color has-link-color has-suranna-font-family wp-elements-be52107615d1e5454c7ba50c74ff6797\" style=\"color:#ffffff;font-size:clamp(38.682px, 2.418rem + ((1vw - 3.2px) * 3.786), 72px);font-style:normal;font-weight:500\">Mes services<\/h1>\n<\/div><\/div>\n\n\n\n<div class=\"wp-block-group alignfull has-global-padding is-layout-constrained wp-container-core-group-is-layout-4383d167 wp-block-group-is-layout-constrained\">\n<div class=\"wp-block-group alignwide has-global-padding is-layout-constrained wp-container-core-group-is-layout-5ff8a92b wp-block-group-is-layout-constrained\" style=\"margin-top:0;margin-bottom:0;padding-top:100px;padding-bottom:100px\">\n<div class=\"wp-block-columns is-layout-flex wp-container-core-columns-is-layout-92515837 wp-block-columns-is-layout-flex\">\n<div class=\"wp-block-column is-layout-flow wp-block-column-is-layout-flow\">\n<figure class=\"wp-block-image aligncenter size-full has-custom-border\"><img loading=\"lazy\" decoding=\"async\" width=\"1280\" height=\"811\" src=\"https:\/\/alexianeaudemars.com\/wp-content\/uploads\/2025\/11\/pexels-sharefaith-491036-1231215-2.jpg\" alt=\"\" class=\"wp-image-81\" style=\"border-style:none;border-width:0px;border-top-left-radius:30px;border-top-right-radius:30px;border-bottom-left-radius:30px;border-bottom-right-radius:30px;aspect-ratio:3\/4;object-fit:cover\" srcset=\"https:\/\/alexianeaudemars.com\/wp-content\/uploads\/2025\/11\/pexels-sharefaith-491036-1231215-2.jpg 1280w, https:\/\/alexianeaudemars.com\/wp-content\/uploads\/2025\/11\/pexels-sharefaith-491036-1231215-2-300x190.jpg 300w, https:\/\/alexianeaudemars.com\/wp-content\/uploads\/2025\/11\/pexels-sharefaith-491036-1231215-2-1024x649.jpg 1024w, https:\/\/alexianeaudemars.com\/wp-content\/uploads\/2025\/11\/pexels-sharefaith-491036-1231215-2-768x487.jpg 768w\" sizes=\"auto, (max-width: 1280px) 100vw, 1280px\" \/><\/figure>\n<\/div>\n\n\n\n<div class=\"wp-block-column is-vertically-aligned-center has-global-padding is-content-justification-left is-layout-constrained wp-container-core-column-is-layout-12dd3699 wp-block-column-is-layout-constrained\">\n<h3 class=\"wp-block-heading has-text-align-left has-text-color has-suranna-font-family\" style=\"color:#000000;margin-top:0.5rem;margin-bottom:0rem;font-size:clamp(24.034px, 1.502rem + ((1vw - 3.2px) * 1.814), 40px);font-style:normal;font-weight:500;letter-spacing:0px;line-height:1.3\">Un relais de confiance : Garde &amp; Accompagnement sur mesure<\/h3>\n\n\n\n<hr class=\"wp-block-separator has-alpha-channel-opacity\"\/>\n\n\n\n<p class=\"has-text-color has-link-color has-pontano-sans-font-family wp-elements-115bd6b29eb4130d35aa598f9522cd46\" style=\"color:#000000;font-size:clamp(14px, 0.875rem + ((1vw - 3.2px) * 0.455), 18px);\">Parce que chaque enfant a des besoins uniques et que chaque famille m\u00e9rite de la s\u00e9r\u00e9nit\u00e9, je vous propose un service de garde adapt\u00e9 \u00e0 la r\u00e9alit\u00e9 de la neuroatypie. Que ce soit pour un besoin r\u00e9gulier ou ponctuel, je m&rsquo;adapte \u00e0 votre situation<\/p>\n\n\n\n<ul class=\"wp-block-list\">\n<li><strong>A mon domicile<\/strong>:  j&rsquo;accueille votre enfant dans un cadre s\u00e9curisant et chaleureux.<\/li>\n\n\n\n<li><strong>A votre domicile<\/strong>: si votre enfant a besoin de stabilit\u00e9, de ses propres rep\u00e8res pour se sentir en s\u00e9curit\u00e9, je me d\u00e9place chez vous.<\/li>\n\n\n\n<li><strong>Horaires flexible<\/strong>s: pour vous offrir un vrai moment de r\u00e9pit, je suis disponible pour des gardes en soir\u00e9e ainsi que durant le week-end.<\/li>\n<\/ul>\n\n\n\n<p class=\"has-text-color has-link-color has-pontano-sans-font-family wp-elements-0b1d29caa56713cfe1730d9b53271c04\" style=\"color:#000000;font-size:clamp(14px, 0.875rem + ((1vw - 3.2px) * 0.455), 18px);\">Plus qu&rsquo;une simple garde, j&rsquo;offre \u00e0 votre enfant une pr\u00e9sence qui comprend ses codes, respecte son rythme et sait apaiser ses sensibilit\u00e9s gr\u00e2ce \u00e0 mon exp\u00e9rience du TSA et du TDAH.<\/p>\n<\/div>\n<\/div>\n\n\n\n<div class=\"wp-block-buttons is-content-justification-right is-layout-flex wp-container-core-buttons-is-layout-d445cf74 wp-block-buttons-is-layout-flex\">\n<div class=\"wp-block-button\"><a class=\"wp-block-button__link has-text-color has-link-color wp-element-button\" href=\"https:\/\/alexianeaudemars.com\/index.php\/contact\/\" style=\"color:#ffffff\">Contacte-moi<\/a><\/div>\n<\/div>\n<\/div>\n<\/div>\n\n\n\n<div class=\"wp-block-group alignfull has-global-padding is-layout-constrained wp-container-core-group-is-layout-4383d167 wp-block-group-is-layout-constrained\">\n<div class=\"wp-block-group alignwide has-global-padding is-layout-constrained wp-container-core-group-is-layout-1be1424c wp-block-group-is-layout-constrained\" style=\"margin-top:0;margin-bottom:0;padding-bottom:100px\">\n<div class=\"wp-block-columns is-layout-flex wp-container-core-columns-is-layout-92515837 wp-block-columns-is-layout-flex\">\n<div class=\"wp-block-column is-vertically-aligned-center has-global-padding is-content-justification-left is-layout-constrained wp-container-core-column-is-layout-12dd3699 wp-block-column-is-layout-constrained\">\n<h3 class=\"wp-block-heading has-text-align-left has-text-color has-suranna-font-family\" style=\"color:#000000;margin-top:0.5rem;margin-bottom:0rem;font-size:clamp(24.034px, 1.502rem + ((1vw - 3.2px) * 1.814), 40px);font-style:normal;font-weight:500;letter-spacing:0px;line-height:1.3\">Soutien Scolaire : apprendre autrement, de la 1H \u00e0 la 6H<\/h3>\n\n\n\n<hr class=\"wp-block-separator has-alpha-channel-opacity\"\/>\n\n\n\n<p class=\"has-text-color has-link-color has-pontano-sans-font-family wp-elements-8cc3ccd4d5f1c06267e61b4ff6237b6c\" style=\"color:#000000;font-size:clamp(14px, 0.875rem + ((1vw - 3.2px) * 0.455), 18px);\">L\u2019\u00e9cole peut \u00eatre un d\u00e9fi de taille quand on fonctionne diff\u00e9remment. Forte de mon exp\u00e9rience en milieu scolaire, je propose un <strong>soutien  adapt\u00e9<\/strong> pour les enfants de la <strong>1H \u00e0 la 8H<\/strong>.<\/p>\n\n\n\n<p>Mon approche ne se limite pas aux devoirs ; c&rsquo;est une v\u00e9ritable passion pour la transmission :<\/p>\n\n\n\n<ul class=\"wp-block-list\">\n<li><strong>Un apprentissage sur mesure :<\/strong> j&rsquo;utilise des outils concrets et ludiques pour transformer les blocages en r\u00e9ussites.<\/li>\n\n\n\n<li><strong>Dans leur bulle ou la mienne :<\/strong> le soutien peut se faire \u00e0 mon domicile ou chez vous, l\u00e0 o\u00f9 votre enfant se sent le plus dispos\u00e9 \u00e0 apprendre.<\/li>\n\n\n\n<li><strong>Compr\u00e9hension des besoins :<\/strong> j&rsquo;adapte les m\u00e9thodes selon la fatigabilit\u00e9, la concentration et le mode de traitement de l&rsquo;information de chaque \u00e9l\u00e8ve.<\/li>\n<\/ul>\n\n\n\n<p class=\"has-text-color has-link-color has-pontano-sans-font-family wp-elements-0835a38e4aa86e19443ac616ed0c20f1\" style=\"color:#000000;font-size:clamp(14px, 0.875rem + ((1vw - 3.2px) * 0.455), 18px);\">Mon but est de redonner <strong>confiance et plaisir<\/strong> \u00e0 votre enfant, en lui montrant que son syst\u00e8me de fonctionnement est une force, m\u00eame face aux cahiers d&rsquo;\u00e9cole.<\/p>\n<\/div>\n\n\n\n<div class=\"wp-block-column is-layout-flow wp-block-column-is-layout-flow\">\n<figure class=\"wp-block-image alignright size-full has-custom-border\"><img loading=\"lazy\" decoding=\"async\" width=\"1920\" height=\"1275\" src=\"https:\/\/alexianeaudemars.com\/wp-content\/uploads\/2025\/11\/agence-olloweb-Z2ImfOCafFk-unsplash1.jpg\" alt=\"\" class=\"wp-image-55\" style=\"border-top-left-radius:30px;border-top-right-radius:30px;border-bottom-left-radius:30px;border-bottom-right-radius:30px;aspect-ratio:2\/3;object-fit:cover\" srcset=\"https:\/\/alexianeaudemars.com\/wp-content\/uploads\/2025\/11\/agence-olloweb-Z2ImfOCafFk-unsplash1.jpg 1920w, https:\/\/alexianeaudemars.com\/wp-content\/uploads\/2025\/11\/agence-olloweb-Z2ImfOCafFk-unsplash1-300x199.jpg 300w, https:\/\/alexianeaudemars.com\/wp-content\/uploads\/2025\/11\/agence-olloweb-Z2ImfOCafFk-unsplash1-1024x680.jpg 1024w, https:\/\/alexianeaudemars.com\/wp-content\/uploads\/2025\/11\/agence-olloweb-Z2ImfOCafFk-unsplash1-768x510.jpg 768w, https:\/\/alexianeaudemars.com\/wp-content\/uploads\/2025\/11\/agence-olloweb-Z2ImfOCafFk-unsplash1-1536x1020.jpg 1536w\" sizes=\"auto, (max-width: 1920px) 100vw, 1920px\" \/><\/figure>\n<\/div>\n<\/div>\n\n\n\n<div class=\"wp-block-buttons is-layout-flex wp-block-buttons-is-layout-flex\">\n<div class=\"wp-block-button\"><a class=\"wp-block-button__link has-text-color has-link-color wp-element-button\" href=\"https:\/\/alexianeaudemars.com\/index.php\/contact\/\" style=\"color:#ffffff\">Contacte-moi<\/a><\/div>\n<\/div>\n<\/div>\n<\/div>\n\n\n\n<div class=\"wp-block-group alignfull has-global-padding is-layout-constrained wp-container-core-group-is-layout-4383d167 wp-block-group-is-layout-constrained\">\n<div class=\"wp-block-group alignwide has-global-padding is-layout-constrained wp-container-core-group-is-layout-1be1424c wp-block-group-is-layout-constrained\" style=\"margin-top:0;margin-bottom:0;padding-bottom:100px\">\n<div class=\"wp-block-columns is-layout-flex wp-container-core-columns-is-layout-92515837 wp-block-columns-is-layout-flex\">\n<div class=\"wp-block-column is-layout-flow wp-block-column-is-layout-flow\">\n<figure class=\"wp-block-image alignleft size-full has-custom-border\"><img loading=\"lazy\" decoding=\"async\" width=\"1179\" height=\"1920\" src=\"https:\/\/alexianeaudemars.com\/wp-content\/uploads\/2026\/01\/rock-4914316_1920.jpg\" alt=\"\" class=\"wp-image-287\" style=\"border-top-left-radius:30px;border-top-right-radius:30px;border-bottom-left-radius:30px;border-bottom-right-radius:30px\" srcset=\"https:\/\/alexianeaudemars.com\/wp-content\/uploads\/2026\/01\/rock-4914316_1920.jpg 1179w, https:\/\/alexianeaudemars.com\/wp-content\/uploads\/2026\/01\/rock-4914316_1920-184x300.jpg 184w, https:\/\/alexianeaudemars.com\/wp-content\/uploads\/2026\/01\/rock-4914316_1920-629x1024.jpg 629w, https:\/\/alexianeaudemars.com\/wp-content\/uploads\/2026\/01\/rock-4914316_1920-768x1251.jpg 768w, https:\/\/alexianeaudemars.com\/wp-content\/uploads\/2026\/01\/rock-4914316_1920-943x1536.jpg 943w\" sizes=\"auto, (max-width: 1179px) 100vw, 1179px\" \/><\/figure>\n<\/div>\n\n\n\n<div class=\"wp-block-column is-vertically-aligned-center has-global-padding is-content-justification-left is-layout-constrained wp-container-core-column-is-layout-12dd3699 wp-block-column-is-layout-constrained\">\n<h3 class=\"wp-block-heading has-text-align-left has-text-color has-suranna-font-family\" style=\"color:#000000;margin-top:0.5rem;margin-bottom:0rem;font-size:clamp(24.034px, 1.502rem + ((1vw - 3.2px) * 1.814), 40px);font-style:normal;font-weight:500;letter-spacing:0px;line-height:1.3\">Coaching: un espace pour toi<\/h3>\n\n\n\n<hr class=\"wp-block-separator has-alpha-channel-opacity\"\/>\n\n\n\n<p class=\"has-text-color has-link-color has-pontano-sans-font-family wp-elements-152c98f61a9fc456ec1de0a0dddea95c\" style=\"color:#000000;font-size:clamp(14px, 0.875rem + ((1vw - 3.2px) * 0.455), 18px);\">Parce qu&rsquo;avant d&rsquo;\u00eatre parent, tu es une personne avec tes propres d\u00e9fis, tes doutes et tes aspirations. Mon r\u00f4le est de t&rsquo;offrir un espace de parole s\u00e9curisant, o\u00f9 la bienveillance est le seul ma\u00eetre mot.<\/p>\n\n\n\n<p>Que tu traverses une p\u00e9riode de transition, un d\u00e9fi personnel ou que tu ressentes le besoin d&rsquo;un soutien, je t&rsquo;accompagne en <strong>1:1<\/strong> pour retrouver ton \u00e9quilibre. Mon coaching ne se limite pas \u00e0 la gestion familiale : il s&rsquo;adresse \u00e0 <strong>ton \u00e9panouissement global<\/strong>.<\/p>\n\n\n\n<ul class=\"wp-block-list\">\n<li><strong>Une \u00e9coute authentique :<\/strong> pour d\u00e9poser ce qui est lourd, sans jugement.<\/li>\n\n\n\n<li><strong>Un soutien sur mesure :<\/strong> pour naviguer \u00e0 travers les impr\u00e9vus de la vie et retrouver tes ressources int\u00e9rieures.<\/li>\n\n\n\n<li><strong>Flexibilit\u00e9 totale :<\/strong> je te re\u00e7ois en <strong>pr\u00e9sentiel<\/strong> pour une rencontre humaine et chaleureuse, ou en <strong>visio<\/strong> pour s&rsquo;adapter \u00e0 tonemploi du temps.<\/li>\n<\/ul>\n\n\n\n<p>Reprends ton souffle et accorde-toi ce moment de reconnexion \u00e0 toi-m\u00eame.<\/p>\n\n\n\n<hr class=\"wp-block-separator has-alpha-channel-opacity\"\/>\n<\/div>\n<\/div>\n\n\n\n<div class=\"wp-block-buttons is-content-justification-right is-layout-flex wp-container-core-buttons-is-layout-d445cf74 wp-block-buttons-is-layout-flex\">\n<div class=\"wp-block-button\"><a class=\"wp-block-button__link has-text-color has-link-color wp-element-button\" href=\"https:\/\/alexianeaudemars.com\/index.php\/contact\/\" style=\"color:#ffffff\">Contacte-moi<\/a><\/div>\n<\/div>\n<\/div>\n<\/div>\n\n\n\n<div class=\"wp-block-group alignwide has-global-padding is-layout-constrained wp-container-core-group-is-layout-1be1424c wp-block-group-is-layout-constrained\" style=\"margin-top:0;margin-bottom:0;padding-bottom:100px\">\n<div class=\"wp-block-columns is-layout-flex wp-container-core-columns-is-layout-92515837 wp-block-columns-is-layout-flex\">\n<div class=\"wp-block-column is-vertically-aligned-center has-global-padding is-content-justification-left is-layout-constrained wp-container-core-column-is-layout-12dd3699 wp-block-column-is-layout-constrained\">\n<h3 class=\"wp-block-heading has-text-align-left has-text-color has-suranna-font-family\" style=\"color:#000000;margin-top:0.5rem;margin-bottom:0rem;font-size:clamp(24.034px, 1.502rem + ((1vw - 3.2px) * 1.814), 40px);font-style:normal;font-weight:500;letter-spacing:0px;line-height:1.3\">Les Caf\u00e9s-Rencontres : parce qu&rsquo;aucune maman ne devrait cheminer seule<\/h3>\n\n\n\n<hr class=\"wp-block-separator has-alpha-channel-opacity\"\/>\n\n\n\n<p class=\"has-text-color has-link-color has-pontano-sans-font-family wp-elements-b39ec2584865b4731d5c36c6ad0152d7\" style=\"color:#000000;font-size:clamp(14px, 0.875rem + ((1vw - 3.2px) * 0.455), 18px);\">\u00catre maman est une aventure extraordinaire, mais c&rsquo;est aussi un d\u00e9fi quotidien qui peut parfois nous faire nous sentir isol\u00e9es. Que vous soyez maman d&rsquo;un enfant neuroatypique ou non, vous partagez toutes cette m\u00eame r\u00e9alit\u00e9 : le besoin d&rsquo;\u00eatre \u00e9cout\u00e9e, comprise et soutenue.<\/p>\n\n\n\n<p>Je vous propose un espace d&rsquo;\u00e9change bienveillant, sans jugement et rempli de sororit\u00e9, pour se rendre compte qu&rsquo;on n&rsquo;est pas seule.<\/p>\n\n\n\n<ul class=\"wp-block-list\">\n<li><strong>Partage et Soutien :<\/strong> un moment pour d\u00e9poser ses \u00e9motions, partager ses astuces ou simplement discuter autour d&rsquo;un caf\u00e9.<\/li>\n\n\n\n<li><strong>En pr\u00e9sentiel :<\/strong> pour la chaleur d&rsquo;une rencontre \u00ab\u00a0pour de vrai\u00a0\u00bb et le plaisir de se retrouver dans un cadre apaisant.<\/li>\n\n\n\n<li><strong>En visio :<\/strong> pour que la distance ou l&#8217;emploi du temps ne soient plus des freins, rejoins notre groupe de mamans depuis ton cocon.<\/li>\n<\/ul>\n\n\n\n<p class=\"has-text-color has-link-color has-pontano-sans-font-family wp-elements-da56289fe128e4df731cdedf97b75cf0\" style=\"color:#000000;font-size:clamp(14px, 0.875rem + ((1vw - 3.2px) * 0.455), 18px);\">Ici, chaque maman est la bienvenue. Viens telle que tu es, pour un moment de pause et de connexion authentique.<\/p>\n<\/div>\n\n\n\n<div class=\"wp-block-column is-layout-flow wp-block-column-is-layout-flow\">\n<figure class=\"wp-block-image alignright size-full has-custom-border\"><img loading=\"lazy\" decoding=\"async\" width=\"1281\" height=\"1920\" src=\"https:\/\/alexianeaudemars.com\/wp-content\/uploads\/2026\/01\/women-1838768_1920.jpg\" alt=\"\" class=\"wp-image-296\" style=\"border-top-left-radius:30px;border-top-right-radius:30px;border-bottom-left-radius:30px;border-bottom-right-radius:30px;aspect-ratio:3\/4;object-fit:cover\" srcset=\"https:\/\/alexianeaudemars.com\/wp-content\/uploads\/2026\/01\/women-1838768_1920.jpg 1281w, https:\/\/alexianeaudemars.com\/wp-content\/uploads\/2026\/01\/women-1838768_1920-200x300.jpg 200w, https:\/\/alexianeaudemars.com\/wp-content\/uploads\/2026\/01\/women-1838768_1920-683x1024.jpg 683w, https:\/\/alexianeaudemars.com\/wp-content\/uploads\/2026\/01\/women-1838768_1920-768x1151.jpg 768w, https:\/\/alexianeaudemars.com\/wp-content\/uploads\/2026\/01\/women-1838768_1920-1025x1536.jpg 1025w\" sizes=\"auto, (max-width: 1281px) 100vw, 1281px\" \/><\/figure>\n<\/div>\n<\/div>\n\n\n\n<div class=\"wp-block-buttons is-layout-flex wp-block-buttons-is-layout-flex\">\n<div class=\"wp-block-button\"><a class=\"wp-block-button__link has-text-color has-link-color wp-element-button\" href=\"https:\/\/alexianeaudemars.com\/index.php\/contact\/\" style=\"color:#fffefe\">Contacte-moi<\/a><\/div>\n<\/div>\n<\/div>\n\n\n\n<section class=\"wp-block-cover alignfull\" style=\"margin-top:0px;padding-top:1.01rem;padding-bottom:1.01rem;min-height:430px;aspect-ratio:unset;\"><img loading=\"lazy\" decoding=\"async\" width=\"1024\" height=\"683\" class=\"wp-block-cover__image-background wp-image-249 size-large\" alt=\"\" src=\"https:\/\/alexianeaudemars.com\/wp-content\/uploads\/2026\/01\/skateboard-331751_1920-1024x683.jpg\" style=\"object-position:52% 65%\" data-object-fit=\"cover\" data-object-position=\"52% 65%\" srcset=\"https:\/\/alexianeaudemars.com\/wp-content\/uploads\/2026\/01\/skateboard-331751_1920-1024x683.jpg 1024w, https:\/\/alexianeaudemars.com\/wp-content\/uploads\/2026\/01\/skateboard-331751_1920-300x200.jpg 300w, https:\/\/alexianeaudemars.com\/wp-content\/uploads\/2026\/01\/skateboard-331751_1920-768x512.jpg 768w, https:\/\/alexianeaudemars.com\/wp-content\/uploads\/2026\/01\/skateboard-331751_1920-1536x1024.jpg 1536w, https:\/\/alexianeaudemars.com\/wp-content\/uploads\/2026\/01\/skateboard-331751_1920.jpg 1920w\" sizes=\"auto, (max-width: 1024px) 100vw, 1024px\" \/><span aria-hidden=\"true\" class=\"wp-block-cover__background has-black-background-color has-background-dim-10 has-background-dim\"><\/span><div class=\"wp-block-cover__inner-container has-global-padding is-layout-constrained wp-container-core-cover-is-layout-b1bebcb3 wp-block-cover-is-layout-constrained\">\n<div class=\"wp-block-group has-text-color is-layout-flow wp-block-group-is-layout-flow\" style=\"color:#fffffd;margin-top:0px;padding-top:0rem;padding-right:1rem;padding-bottom:0rem;padding-left:1rem;font-size:clamp(0.875rem, 0.875rem + ((1vw - 0.2rem) * 0.464), 1.13rem);font-style:normal;font-weight:400;line-height:1.4\">\n<div class=\"wp-block-group has-global-padding is-content-justification-right is-layout-constrained wp-container-core-group-is-layout-365dcd61 wp-block-group-is-layout-constrained\">\n<p class=\"has-text-align-center has-text-color\" style=\"color:#fffffd;margin-bottom:0rem;font-size:clamp(1.507rem, 1.507rem + ((1vw - 0.2rem) * 1.824), 2.51rem);font-style:normal;font-weight:400;line-height:1.2\">Cr\u00e9er un monde o\u00f9 chaque enfant neuroatypique se sent libre de briller, \u00e0 son rythme.<\/p>\n<\/div>\n\n\n\n<div class=\"wp-block-group is-vertical is-content-justification-stretch is-layout-flex wp-container-core-group-is-layout-bfdebe91 wp-block-group-is-layout-flex\" style=\"margin-top:1.81rem;padding-right:0px;padding-left:0px\">\n<div class=\"wp-block-group has-global-padding is-content-justification-center is-layout-constrained wp-container-core-group-is-layout-2f0bcb29 wp-block-group-is-layout-constrained\" style=\"margin-top:0px\">\n<div class=\"wp-block-buttons is-horizontal is-content-justification-right is-layout-flex wp-container-core-buttons-is-layout-099266fd wp-block-buttons-is-layout-flex\" style=\"margin-top:0.51rem\"><\/div>\n<\/div>\n<\/div>\n<\/div>\n<\/div><\/section>\n\n\n\n<p><\/p>\n","protected":false},"excerpt":{"rendered":"<p>Un relais de confiance : Garde &amp; Accompagnement sur mesure Parce que chaque enfant a des besoins uniques et que chaque famille m\u00e9rite de la s\u00e9r\u00e9nit\u00e9, je vous propose un service de garde adapt\u00e9 \u00e0 la r\u00e9alit\u00e9 de la neuroatypie. Que ce soit pour un besoin r\u00e9gulier ou ponctuel, je m&rsquo;adapte \u00e0 votre situation Plus [&hellip;]<\/p>\n","protected":false},"author":2,"featured_media":0,"parent":0,"menu_order":0,"comment_status":"closed","ping_status":"closed","template":"","meta":{"footnotes":""},"class_list":["post-18","page","type-page","status-publish","hentry"],"_links":{"self":[{"href":"https:\/\/alexianeaudemars.com\/index.php\/wp-json\/wp\/v2\/pages\/18","targetHints":{"allow":["GET"]}}],"collection":[{"href":"https:\/\/alexianeaudemars.com\/index.php\/wp-json\/wp\/v2\/pages"}],"about":[{"href":"https:\/\/alexianeaudemars.com\/index.php\/wp-json\/wp\/v2\/types\/page"}],"author":[{"embeddable":true,"href":"https:\/\/alexianeaudemars.com\/index.php\/wp-json\/wp\/v2\/users\/2"}],"replies":[{"embeddable":true,"href":"https:\/\/alexianeaudemars.com\/index.php\/wp-json\/wp\/v2\/comments?post=18"}],"version-history":[{"count":44,"href":"https:\/\/alexianeaudemars.com\/index.php\/wp-json\/wp\/v2\/pages\/18\/revisions"}],"predecessor-version":[{"id":319,"href":"https:\/\/alexianeaudemars.com\/index.php\/wp-json\/wp\/v2\/pages\/18\/revisions\/319"}],"wp:attachment":[{"href":"https:\/\/alexianeaudemars.com\/index.php\/wp-json\/wp\/v2\/media?parent=18"}],"curies":[{"name":"wp","href":"https:\/\/api.w.org\/{rel}","templated":true}]}}